
Suppose 350 = 26*r - 24*r. Does 21 divide r?
False
Suppose 57 = 4*c - g - 85, 78 = 2*c + 3*g. Suppose -2*j - 42 = -0*j. Let z = j + c. Is z a multiple of 3?
True
Suppose -3*y = -2*z + 649, -29*y + 941 = 3*z - 27*y. Is z a multiple of 54?
False
Let u = -20 + 32. Let z be u/9 + 542/(-6). Does 8 divide -1 - (z - 1)/3?
False
Let n be (1*(0 - 2))/(20/(-1570)). Suppose d + 159 + n = 3*z, -5*d - 530 = -5*z. Does 21 divide z?
True
Is (114/12)/19*(22 - 0) even?
False
Suppose 3*b - 5*m = 178, -3*b + 2*m = 4*m - 164. Suppose -6*q = -5*q - b. Suppose -3*u = -q - 52. Is 12 a factor of u?
True
Is 5246*(-12)/(-36)*12/8 a multiple of 12?
False
Let k be (-20)/30*(-1 - -46). Let s = -14 - k. Is 16 a factor of s?
True
Let h = 12 - 10. Let r be 1/(-2) + h/(-4). Does 7 divide ((-4)/10)/(r/35)?
True
Let u(a) = 6*a + 9. Let n be u(0). Let g = 23 - n. Is g a multiple of 6?
False
Let y be 70/(-21)*18/(-15). Suppose 2*a + 2*l - y*l = 264, 5*l - 372 = -3*a. Does 43 divide a?
True
Suppose -1 = -3*f + 2, -102 = -3*g - 3*f. Suppose 7*x - 2*x - 65 = 0. Let d = g - x. Is 10 a factor of d?
True
Suppose -5*k = -15 - 10, -3*l - 5*k = -844. Is l a multiple of 21?
True
Let a be 1*-1 - (-7)/(28/(-24)). Let s = 51 + a. Is 11 a factor of s?
True
Let v = 105 - 7. Let i = 16 + v. Does 6 divide i?
True
Let k be (-1*177)/((-15)/20). Suppose -n = n - k. Let h = n + -82. Is h a multiple of 14?
False
Let d(s) = 79*s + 1. Let v = -31 + 32. Does 16 divide d(v)?
True
Let m(f) = f**3 + 15*f**2 + f - 16. Is 43 a factor of m(-10)?
False
Suppose 5*t - 1055 = -3*c, 3*t - 1445 = -4*c + 4*t. Suppose -3*l - 165 = -c. Does 4 divide l?
False
Let r be (-16 - -13)*2/(-3). Let z = r - -2. Let h = 18 + z. Is h a multiple of 9?
False
Let b = -19 - -19. Is 11 a factor of 55*4 + (-2 - b/(-4))?
False
Let m = 183 + -145. Is 37 a factor of m?
False
Let p(q) = q**2 + 2*q. Let c(z) = z**2 + 5*z - 1. Let w(u) = -2*c(u) + 5*p(u). Is w(2) a multiple of 2?
True
Suppose 4*p - 69 = p. Is p a multiple of 11?
False
Let v = -29 + -9. Is 20 a factor of (2 - v)*(-12)/(-8)?
True
Let i be 2 + -3 + -3 - -32. Suppose k - i = 2. Is (104/(-10))/((-12)/k) a multiple of 13?
True
Let r(u) = -8*u - 15. Let o = 11 + -3. Suppose 12 = -2*c - o. Is 17 a factor of r(c)?
False
Suppose 4*w - 2*d + 96 = 0, -2*w + 2*d - 52 = -0*w. Let b(u) = -3*u. Is 11 a factor of b(w)?
True
Suppose -45*p = -4800 + 255. Is 2 a factor of p?
False
Let l be (132 - (3 + -5))*-1. Let f = l - -230. Does 19 divide f?
False
Let y(i) = -i**3 + 12*i**2 + 20*i - 17. Is 11 a factor of y(13)?
False
Suppose 0 = -20*r + 22*r - 706. Suppose o - 4*o + 2*m = -r, m = -2*o + 240. Is o a multiple of 54?
False
Let v(k) = -42*k**2 + 2*k + 1. Let q be v(2). Let i = 232 + q. Is -1 + i/1*1 a multiple of 34?
True
Suppose 5*g = -12 - 3. Let a = g + 21. Does 6 divide a?
True
Suppose -54 + 94 = -4*g. Let t(p) = 2*p - 6 + 0*p + p**2 + 6*p. Is t(g) a multiple of 14?
True
Let s = 26 + -20. Is 3 a factor of 5/(-10) + 87/s?
False
Suppose 12*i = 200 + 3040. Is i a multiple of 45?
True
Let x(u) = u**3 - 5*u**2 - 49*u + 13. Does 23 divide x(12)?
False
Suppose -f + 2*o = -351, -o + 194 = 3*f - 880. Does 76 divide f?
False
Let a(w) = 232*w**2 + 4*w - 16. Is a(2) a multiple of 20?
True
Let u(l) = 19*l - 2. Let x be u(6). Suppose 314 = 58*k + 82. Suppose k*q - 4*d - 185 = 43, -3*d - x = -2*q. Does 31 divide q?
False
Let m = 48 + 96. Suppose -8*c = -4*c - m. Is 9 a factor of c?
True
Let j(c) = c**3 + 8*c**2 - 8*c - 42. Let r be j(-6). Let x = 3 - 1. Suppose -x = -2*k + r. Is 10 a factor of k?
True
Suppose a = -0*a - 5, -2*b - 4*a = -114. Is 32 a factor of b?
False
Suppose -43 = 6*z + 17. Let n = z - -19. Is 9 a factor of (-5 - -2)*(n + -15)?
True
Let o(j) = 5*j**3 + 5*j**2 - 6*j + 4. Let u(l) = l**2 + 22*l - 20. Let n be u(-23). Is o(n) a multiple of 16?
False
Suppose p - 5 - 1 = 0. Let j(y) = -2*y + 5 + p + y - 3. Is 15 a factor of j(-7)?
True
Suppose 2*n + 9 = 31. Suppose -n*m = -58 - 338. Is m a multiple of 6?
True
Suppose 460 = 4*j + 4*c, -94 = -2*j - c + 139. Is 16 a factor of j?
False
Let u(r) = -r + 1. Let g(a) = -2*a + 2. Let d(o) = -3*g(o) + 7*u(o). Let f be d(3). Is 8 a factor of f*(-3)/((-3)/(-8))?
True
Let y(t) = -26*t**2. Let q be y(1). Let v = 535 + -538. Is 5 a factor of q/39 + (-20)/v?
False
Let q = 27 + -27. Suppose q = u + 3 + 2. Is 2 + u + 22 + -1 a multiple of 9?
True
Let h be (-3 - 0/(-3))*4/(-3). Suppose 3*u - 6*u = 5*c - 447, -h*c + u + 361 = 0. Is c a multiple of 15?
True
Let y = 8 + -4. Suppose 66 = y*f + 22. Is 6 a factor of f?
False
Let r = 410 - 274. Suppose 8*v - 7*v = r. Does 8 divide v?
True
Suppose 0 = -h - 5*l + 83, h + 3*l - 6*l = 99. Let q = h - 61. Is q a multiple of 3?
False
Let t = 150 - 145. Suppose -t*x - 4*n = -975 + 361, 0 = -5*x - 2*n + 622. Is 18 a factor of x?
True
Suppose 62*f + 500 = 63*f. Is 10 a factor of f?
True
Suppose 0 = -4*c + 9*c - 25. Suppose -5*l + 198 = -3*l - 5*h, c*l - 2*h - 474 = 0. Does 13 divide l?
False
Let x(n) = -3*n**3 - n**2 + n - 2. Let w(k) = -k**2. Let q(i) = 3*w(i) - x(i). Is 12 a factor of q(2)?
False
Let c be (-4)/(-1) - 0/(-3). Let i(b) = -b**2 - 6*b + 13. Let n(p) = p + 1. Let z(t) = c*n(t) - i(t). Is 5 a factor of z(-12)?
True
Is 4 a factor of (12/10)/((-582)/120 - -5)?
True
Suppose -590 = -2*u + 7*u. Let z = u - -216. Is z a multiple of 14?
True
Suppose 0 = i + 4, 5*x - 5*i - 240 - 190 = 0. Does 18 divide x?
False
Let d = -44 - -36. Is 5 a factor of 2*1/(-2) - 88/d?
True
Let q(r) = -149*r - 92. Is 12 a factor of q(-6)?
False
Let f = -26 - -26. Suppose -2*g - 2*g + 96 = f. Is 12 a factor of g?
True
Suppose -2*l + 8 = h - 2*h, -4*l + h = -16. Let p = 5 + -7. Does 13 divide (-142)/(-4) + p/l?
False
Let m(w) = -w**3 - 3*w**2 + 12*w + 7. Let u be m(-5). Let a be (-9 + u)*(-10)/1. Suppose 2*x = -5*b - x + a, -b = -x - 24. Is b a multiple of 8?
True
Suppose -2*q = 3*s - 98, q + 25 = 2*s - 52. Let n = -34 + s. Suppose n*w + w - 52 = -5*d, -3*d = -15. Is w a multiple of 9?
True
Suppose -3*y + 2 = -2*y. Let h be (-1000)/(-6) - y/(-6). Suppose -h + 39 = -4*o. Does 16 divide o?
True
Suppose -2*u + 3*u - 1 = 0. Let j be (2 - 5) + u - -127. Suppose -j = -5*f + 50. Is f a multiple of 10?
False
Let j = -145 - -289. Does 16 divide j?
True
Suppose 1229 = 4*a + 3*g, 11*g - 10*g + 1 = 0. Is 28 a factor of a?
True
Suppose -26 - 10 = 3*c + 3*k, -k + 48 = -5*c. Let d = -9 - c. Does 6 divide d/(-2) - (-165)/10?
False
Suppose -2*f - 1032 = -5*f. Suppose 4*r - f = 2*r. Suppose -52 = 3*p - r. Does 22 divide p?
False
Let c(l) = 19*l - 45. Let x be c(5). Suppose -u + x = -5*m, 4*u - 162 = u + 3*m. Is 11 a factor of u?
True
Suppose 4*w + 3*d = 52, 4*w + d = w + 34. Is 2220/75 - (-4)/w a multiple of 8?
False
Let s be 20/(-8)*48/(-15). Suppose -24 = 2*q - 4*y, -3*y - s = y. Is (-8)/q*60/2 a multiple of 10?
False
Let f(i) be the second derivative of i**3/6 + 5*i**2 + 8*i. Let m be f(-10). Suppose 3*n = 4*q - 224, m = 4*q - 4*n - n - 232. Is q a multiple of 11?
False
Let f be ((-16)/12)/((-4)/3). Let n(a) = -3*a - 9 - f + 6 + 5. Is 13 a factor of n(-4)?
True
Let i = 29 - 71. Let n be (-32)/(-14) + 12/i. Let a = n + 19. Is a a multiple of 21?
True
Suppose 0 = 4*u - 2*m - 3166, m + 1784 + 1383 = 4*u. Does 72 divide u?
True
Let j(f) = 2*f**3 - 2*f**2 - 2*f + 2. Suppose -5*u = 0, 15 + 0 = 5*d - 3*u. Is 9 a factor of j(d)?
False
Let o(u) be the third derivative of 0 - 1/6*u**3 + 0*u - 2*u**2 - 1/12*u**4. Is 2 a factor of o(-6)?
False
Let w = 80 + 18. Let t = -56 + w. Does 7 divide t?
True
Suppose -760 = -3*l - 5*y, -5*y - 2 = -27. Is 21 a factor of l?
False
Suppose 67*g = 41*g + 1820. Is 6 a factor of g?
False
Let s be (-2)/5 - 28/5. Let h = s + 4. Does 10 divide 29 - (h + 2 + -3)?
False
Suppose -y - 33 = 4*p + 4*y, -p - 17 = 3*y. Is 19 a factor of 892/14 + p/(-7)?
False
Let q(d) be the first derivative of -13*d**4 - d**2/2 - 2*d + 49. Does 3 divide q(-1)?
True
Let q = -30 + 45. Suppose 5*a - 105 = k + 4*k, 3*k = -q. Is a a multiple of 8?
True
Suppose 763 = 2*m - 9*m. Let w be (0 + m)/(-8 + 9). Let n = w - -156. Does 12 divide n?
False
Let i be ((-32)/(-20))/((-2)/(-5)). Let q be (-3)/(3 + (-36)/8). Suppose -14 = -q*t + i*r, r - 13 = -t - 4*t. Is t a multiple of 3?
True
Suppose -5*w + r = -r - 74, 3*w - 33 = 5*r. Is 5 a factor of 2/((w/(-140))/(-2))?
True
I